thousands digit of c(6)?
3
Suppose -u = g + 1321 - 3960, 4*u - 10552 = -5*g. Let m = u + -1840. What is the units digit of m?
3
What is the hundreds digit of 55/(-11) + 168/34 - 21216020/(-340)?
4
Let s(b) = -2*b**2 + 1. Let m(j) = 7*j**2 - 17*j - 9. Let v(f) = m(f) + 3*s(f). Let y be ((-2)/6)/((-2)/(-42)). What is the units digit of v(y)?
2
Let x = 39 + -34. Suppose x*m - 225 - 590 = 0. Let c = m - 96. What is the units digit of c?
7
Suppose 8*z + 16*z = 37488. What is the hundreds digit of z?
5
Let y(a) = 16*a**2 - 97*a - 3651. What is the hundreds digit of y(-33)?
9
Suppose -40 = -x + 2*m + 8, -3*x = -4*m - 138. Suppose x*y = 4*v + 44*y - 4532, -4*v + 3*y + 4552 = 0. What is the units digit of v?
5
Let n(w) = -112*w**2 + 3*w - 5. Let d(i) = 786*i**2 - 21*i + 36. Let t(p) = -2*d(p) - 15*n(p). What is the units digit of t(1)?
8
Let o(c) = -27*c**3 - 2*c**2 + 48*c - 303. What is the ten thousands digit of o(-11)?
3
Suppose -i = 5*j + 18, -2*i - 3*j + 29 = -6*j. Suppose -o = -i*o - 12. Let s(k) = -108*k - 14. What is the tens digit of s(o)?
0
Suppose 4*a - 2725 = 3107. Suppose -2*i + 37 = -2*k - 1421, a = 2*i + 2*k. What is the units digit of i?
9
Let j be (65*8)/(4 - 3). Let x be ((-5310)/36)/((-2)/(-4)). Let n = j + x. What is the tens digit of n?
2
Let d = -24 + 29. Suppose 3*t + 4*a = 116, a - 240 = -d*t + 6*a. Suppose 4 = 4*c - t. What is the units digit of c?
2
Let r(l) = -l**3 + 25*l**2 - 30*l + 47. Let j be r(15). Suppose 0 = 5*w - 1078 - j. What is the tens digit of w?
8
Suppose 0 = -5*q + 121 + 679. Suppose -2*h = 2*l - q, -2*l - 3 + 1 = 0. What is the tens digit of h?
8
Suppose 0 = -3*j - j - 3*p + 33, -4*j - 4*p = -32. Suppose j*i - 8*i - 3 = 0. Suppose -2*t = m - 150, -4*t + 22 = i*m - 276. What is the tens digit of t?
7
Let r be (1 + -2)/(8/(-16)). Let s be 3/(r - -1)*2 - 2. Suppose l - 2*b = 2*b + 218, s = -4*b - 12. What is the hundreds digit of l?
2
Let u(t) be the third derivative of -t**5/60 - 5*t**4/4 + 5*t**3 + 29*t**2. Let c be u(-26). Let j = -124 + c. What is the tens digit of j?
1
Let g = -3947 - -6560. What is the units digit of g?
3
What is the hundreds digit of 42/63 + (-9)/((-216)/2165696)?
2
Suppose -o = 5*r - 2158, 2556 + 3940 = 3*o + 4*r. Suppose -28*t = k - 25*t - 716, 3*k = t + o. What is the hundreds digit of k?
7
Let l(k) be the third derivative of k**4/8 + 77*k**3/6 + 74*k**2. What is the hundreds digit of l(16)?
1
Let y(n) = -3*n**2 - 106*n - 137 - 127 + 245. What is the tens digit of y(-13)?
5
Let l(h) = 4*h**2 - 54*h - 2546. What is the ten thousands digit of l(-81)?
2
What is the tens digit of 390819/91 + 4/14?
9
Let o(d) = -d**2 - 18*d - 38. Let s be o(-19). Let q = -55 - s. Suppose a + a + 174 = 4*z, -3*z = -q*a - 132. What is the units digit of z?
2
Let p(v) = -46*v**3 + 7*v**2 + 7. What is the tens digit of p(-2)?
0
Let b(m) = -912*m + 1031. What is the tens digit of b(-8)?
2
Let o(q) be the first derivative of q**4/4 - 4*q**3/3 - 8*q**2 + 78*q - 30. What is the units digit of o(6)?
4
Suppose d + 12 = -8. Let m(s) be the third derivative of -s**4/6 + 34*s**3/3 - 53*s**2. What is the hundreds digit of m(d)?
1
What is the units digit of (-35)/28*-2*(9240 + 28/(-7))?
0
Let h be ((-159376)/40)/((-42)/(-15) + -3). Suppose 0 = -10*y - 4*y + h. What is the tens digit of y?
2
Suppose 5*m = 25, -f - 5*m + 941 = 19. Let c = -637 + f. What is the units digit of c?
0
Let b(g) = -30*g - 150. Let j be (2/3)/(110/(-4125)). What is the tens digit of b(j)?
0
Suppose 0 = 5*m + 26 - 6, 3*l = -2*m - 29. What is the units digit of 276/((-108)/40 - (l - -4))?
0
Let u(r) = -1206*r - 1915. What is the tens digit of u(-10)?
4
Let h(t) = 3*t**2 - 2 + 4*t + 2*t + t**2 - 5*t. Let s be h(1). Suppose -s*z - 5*b + 163 = 0, z - 23 - 26 = b. What is the units digit of z?
1
Let n = 527 + -517. Let d be 377 + 2 + -1 + 0. Suppose 0 = -n*f + 13*f - d. What is the hundreds digit of f?
1
Suppose 4*l - 30580 - 59732 = -5*s, 40 = 5*s. What is the units digit of l?
8
Suppose 149 = 7*j - 159. Let p = j - -37. What is the units digit of p?
1
Let t(a) = -31*a**2 + 14*a - 41. Let m(g) = 30*g**2 - 12*g + 42. Let s(y) = 4*m(y) + 3*t(y). What is the units digit of s(4)?
3
Let q = -12 + 17. Suppose -2*b - 2*v = -2, 55 = -b + 4*v + 76. Suppose -5*c - 9 = -2*c, 0 = b*t + q*c - 945. What is the tens digit of t?
9
Let t be -3*(50/(-18) - (-6)/(-27)). Let s = -8 + t. What is the units digit of 1*((s + -2)*1 - -18)?
7
Let g(k) = 13*k**2 - 5*k - 594. Let f(h) = -11*h**2 + 4*h + 593. Let q(b) = 6*f(b) + 5*g(b). What is the units digit of q(0)?
8
Let g(d) = 1929*d**2 - 273*d + 1543. What is the hundreds digit of g(6)?
3
Let g(b) = 1540*b - 2884. What is the tens digit of g(11)?
5
Let r = -639 + 637. What is the tens digit of (2713 + (-1 - 9))*r/(-6)?
0
Suppose 5*d - 12*d + 5175 = -6263. What is the hundreds digit of d?
6
Let z(y) = -37*y + 65. Suppose d = -0*j - 2*j - 27, 3*j + 93 = -4*d. What is the units digit of z(d)?
2
Suppose q - 22 + 16 = 0. What is the tens digit of (-8)/((q/(-40))/((-3)/(-2)))?
8
Suppose -5*m = -64645 + 25600. What is the hundreds digit of m?
8
Let g be -4 + (-60)/(-14) + (-1350)/21. Let m = 281 + g. Let z = 328 - m. What is the hundreds digit of z?
1
What is the ten thousands digit of 30647 + -1 + 42 - 10/2?
3
Let q(w) be the third derivative of -53*w**4/12 - 11*w**3/3 - 2*w**2 + 4. What is the units digit of q(-7)?
0
Let d(t) = 0*t**3 + 13*t - 86 + 2*t**2 - 12*t**2 - 5*t**2 + 74 + t**3. Suppose 3*l + 5*u - 65 = -2*l, -5*u - 55 = -3*l. What is the units digit of d(l)?
3
Suppose z - 9*z + 256 = 0. Let x(s) = -z*s + 4 + 22*s - 32. What is the hundreds digit of x(-25)?
2
Suppose -3*b + 45868 = 4972. Let c be b/80 + (2 - (-12)/(-5)). Suppose 8*j = 1102 + c. What is the units digit of j?
9
Suppose -2*y - 5*h + 34 = 0, h - 25 = 5*y - 83. Let p(j) = 3*j**2 - 4*j - 75. What is the tens digit of p(y)?
0
Suppose 4*l = j + 22196, 8*l - 6*j = -j + 44392. What is the hundreds digit of l?
5
Let o(z) = z**2 - 75*z + 8588. What is the hundreds digit of o(158)?
7
Let k = 443 + 95. Suppose -a + k = -4*j - 1024, -5*a + j = -7886. What is the thousands digit of a?
1
Let x(m) = 36*m**2 + 15*m + 48. Let s be x(-7). Suppose s = -6*t + 7773. What is the hundreds digit of t?
0
Suppose 14 = -k + x, -12*k + 14*k = -5*x - 7. What is the units digit of (-220)/k*(-105)/(-12)?
5
Suppose -16*z = -5*z - 66. Suppose z*a = 4*a + 1194. What is the units digit of a?
7
Let u = -23014 + 43841. What is the thousands digit of u?
0
Let z be 7 + (8 + -3792)/4. Let k = z + 943. What is the units digit of k?
4
Let x be 0 + (-20)/10 - -3. Let o(n) = -62*n - 1. Let y(c) = 61*c + 2. Let f(r) = 2*o(r) + 3*y(r). What is the units digit of f(x)?
3
Let j be (-3 - -1)*3/(-1). Suppose -4*a + r = 5*r - 52, -5*a - r + 77 = 0. Suppose -j*q + 92 + a = 0. What is the tens digit of q?
1
Let y(v) be the third derivative of 13*v**2 + 23/3*v**3 - 1/60*v**5 + 11/12*v**4 + 0 + 0*v. What is the tens digit of y(20)?
8
Let f(u) = -u**3 + 85*u**2 + 80*u - 252. What is the tens digit of f(41)?
9
Let s(l) = -8*l + 12. Let a(w) = 8*w - 13. Let g(z) = 6*a(z) + 5*s(z). What is the units digit of g(11)?
0
Let m(r) = -r**3 + 5*r**2 + 5*r + 8. Let l be m(6). Suppose l*y + 23 = -111. Let j = y + 95. What is the units digit of j?
8
Suppose f = -4*f - 5*j - 5, 2*f = 4*j + 4. Let v be -1 - -4 - f/(-12). Suppose v*k - 81 = -0*k. What is the units digit of k?
7
Let f be ((-85)/(-2))/5*12. Let a(j) = j**2 - 13*j + 21. Let m be a(12). Suppose -60 = -m*b + f. What is the tens digit of b?
1
Suppose 0 = 13*y - 30566 - 42124 - 6285. What is the thousands digit of y?
6
Let l(w) = 2*w**3 - 76*w**2 + 65*w - 73. What is the units digit of l(38)?
7
Suppose 3*a + 11 = -2*d, 5*a + 18*d + 55 = 22*d. Let w(p) be the second derivative of p**5/20 + 7*p**4/12 + 3*p**2 - 2*p. What is the units digit of w(a)?
6
Suppose 2*x - n = 6*x - 13142, -5*x + 16429 = 2*n. What is the hundreds digit of x?
2
Let y be 18/(-135) - 135326/30. Let o = y - -6588. What is the units digit of o?
7
Suppose 15034 + 4055 = 9*y. Suppose -y = 10*t - 17*t. What is the hundreds digit of t?
3
What is the units digit of 1400672/336 - ((-1)/3 - 1)?
0
Suppose -7*v = -3*v + 748. Let r be 34/v - 488/(-22). Suppose 4*y + 4*z = 16, z - r = -3*y - 0*z. What is the 